{"id":371,"date":"2019-12-18T12:08:34","date_gmt":"2019-12-18T11:08:34","guid":{"rendered":"https:\/\/www.vintage-classics.de\/cms\/?page_id=371"},"modified":"2021-05-30T13:34:13","modified_gmt":"2021-05-30T11:34:13","slug":"neuausruestung","status":"publish","type":"page","link":"https:\/\/www.vintage-classics.de\/?page_id=371","title":{"rendered":"Neuausr\u00fcstung"},"content":{"rendered":"\n<style type=\"text\/css\" data-created_by=\"avia_inline_auto\" id=\"style-css-av-kbdq8iuu-0fffee0ee6196cdd5d92748455a814bd\">\n.avia-image-container.av-kbdq8iuu-0fffee0ee6196cdd5d92748455a814bd img.avia_image{\nbox-shadow:none;\n}\n.avia-image-container.av-kbdq8iuu-0fffee0ee6196cdd5d92748455a814bd .av-image-caption-overlay-center{\ncolor:#ffffff;\n}\n<\/style>\n<div  class='avia-image-container av-kbdq8iuu-0fffee0ee6196cdd5d92748455a814bd av-styling- avia-align-center  avia-builder-el-0  el_before_av_hr  avia-builder-el-first '   itemprop=\"image\" itemscope=\"itemscope\" itemtype=\"https:\/\/schema.org\/ImageObject\" ><div class=\"avia-image-container-inner\"><div class=\"avia-image-overlay-wrap\"><img decoding=\"async\" fetchpriority=\"high\" class='wp-image-253 avia-img-lazy-loading-not-253 avia_image ' src=\"https:\/\/www.vintage-classics.de\/wp-content\/uploads\/2019\/09\/AdobeStock_167169363-1500x430.jpeg\" alt='' title=''  height=\"430\" width=\"1500\"  itemprop=\"thumbnailUrl\"  \/><\/div><\/div><\/div>\n\n<style type=\"text\/css\" data-created_by=\"avia_inline_auto\" id=\"style-css-av-k5dzm5cb-8bf7f86634ad691bf0bcd029bff36a8f\">\n#top .hr.hr-invisible.av-k5dzm5cb-8bf7f86634ad691bf0bcd029bff36a8f{\nheight:40px;\n}\n<\/style>\n<div  class='hr av-k5dzm5cb-8bf7f86634ad691bf0bcd029bff36a8f hr-invisible  avia-builder-el-1  el_after_av_image  el_before_av_one_full '><span class='hr-inner '><span class=\"hr-inner-style\"><\/span><\/span><\/div>\n\n<style type=\"text\/css\" data-created_by=\"avia_inline_auto\" id=\"style-css-av-3fgejl-a273b60cfcd9362e814ed2907e827aeb\">\n#top .flex_column.av-3fgejl-a273b60cfcd9362e814ed2907e827aeb{\nmargin-top:0px;\nmargin-bottom:0px;\n}\n.flex_column.av-3fgejl-a273b60cfcd9362e814ed2907e827aeb{\nborder-radius:0px 0px 0px 0px;\npadding:0px 0px 0px 0px;\n}\n.responsive #top #wrap_all .flex_column.av-3fgejl-a273b60cfcd9362e814ed2907e827aeb{\nmargin-top:0px;\nmargin-bottom:0px;\n}\n<\/style>\n<div  class='flex_column av-3fgejl-a273b60cfcd9362e814ed2907e827aeb av_one_full  avia-builder-el-2  el_after_av_hr  el_before_av_one_half  first flex_column_div av-animated-generic bottom-to-top av-zero-column-padding  '     ><p>\n<style type=\"text\/css\" data-created_by=\"avia_inline_auto\" id=\"style-css-av-8fyez-6983058841e6455b285f26d26b278ad2\">\n#top .av-special-heading.av-8fyez-6983058841e6455b285f26d26b278ad2{\npadding-bottom:0;\n}\nbody .av-special-heading.av-8fyez-6983058841e6455b285f26d26b278ad2 .av-special-heading-tag .heading-char{\nfont-size:25px;\n}\n.av-special-heading.av-8fyez-6983058841e6455b285f26d26b278ad2 .av-subheading{\nfont-size:15px;\n}\n<\/style>\n<div  class='av-special-heading av-8fyez-6983058841e6455b285f26d26b278ad2 av-special-heading-h2 blockquote modern-quote  avia-builder-el-3  el_before_av_hr  avia-builder-el-first  av-linked-heading'><h2 class='av-special-heading-tag'  itemprop=\"headline\"  >Neuausr\u00fcstung<\/h2><div class=\"special-heading-border\"><div class=\"special-heading-inner-border\"><\/div><\/div><\/div><br \/>\n\n<style type=\"text\/css\" data-created_by=\"avia_inline_auto\" id=\"style-css-av-31f2ex-6a95d53af0277450628d77b0e81db08a\">\n#top .hr.av-31f2ex-6a95d53af0277450628d77b0e81db08a{\nmargin-top:10px;\nmargin-bottom:10px;\n}\n.hr.av-31f2ex-6a95d53af0277450628d77b0e81db08a .hr-inner{\nwidth:50px;\nborder-color:#1d70b8;\n}\n<\/style>\n<div  class='hr av-31f2ex-6a95d53af0277450628d77b0e81db08a hr-custom  avia-builder-el-4  el_after_av_heading  avia-builder-el-last  hr-left hr-icon-no'><span class='hr-inner inner-border-av-border-fat'><span class=\"hr-inner-style\"><\/span><\/span><\/div><\/p><\/div>\n\n<style type=\"text\/css\" data-created_by=\"avia_inline_auto\" id=\"style-css-av-2ttroh-8fe6f10320613f701dc6f193473cf0f5\">\n#top .flex_column.av-2ttroh-8fe6f10320613f701dc6f193473cf0f5{\nmargin-top:0px;\nmargin-bottom:0px;\n}\n.flex_column.av-2ttroh-8fe6f10320613f701dc6f193473cf0f5{\nborder-radius:0px 0px 0px 0px;\npadding:0px 0px 0px 0px;\n}\n.responsive #top #wrap_all .flex_column.av-2ttroh-8fe6f10320613f701dc6f193473cf0f5{\nmargin-top:0px;\nmargin-bottom:0px;\n}\n<\/style>\n<div  class='flex_column av-2ttroh-8fe6f10320613f701dc6f193473cf0f5 av_one_half  avia-builder-el-5  el_after_av_one_full  el_before_av_one_half  first flex_column_div av-animated-generic bottom-to-top av-zero-column-padding  column-top-margin'     ><style type=\"text\/css\" data-created_by=\"avia_inline_auto\" id=\"style-css-av-kbdq32qr-268acd5c36508415ed8b3631934d91d6\">\n#top .av-special-heading.av-kbdq32qr-268acd5c36508415ed8b3631934d91d6{\nmargin:10px 10px 10px 0;\npadding-bottom:10px;\nfont-size:24px;\n}\nbody .av-special-heading.av-kbdq32qr-268acd5c36508415ed8b3631934d91d6 .av-special-heading-tag .heading-char{\nfont-size:25px;\n}\n#top #wrap_all .av-special-heading.av-kbdq32qr-268acd5c36508415ed8b3631934d91d6 .av-special-heading-tag{\nfont-size:24px;\n}\n.av-special-heading.av-kbdq32qr-268acd5c36508415ed8b3631934d91d6 .av-subheading{\nfont-size:15px;\n}\n\n@media only screen and (min-width: 480px) and (max-width: 767px){ \n#top #wrap_all .av-special-heading.av-kbdq32qr-268acd5c36508415ed8b3631934d91d6 .av-special-heading-tag{\nfont-size:0.8em;\n}\n}\n\n@media only screen and (max-width: 479px){ \n#top #wrap_all .av-special-heading.av-kbdq32qr-268acd5c36508415ed8b3631934d91d6 .av-special-heading-tag{\nfont-size:0.8em;\n}\n}\n<\/style>\n<div  class='av-special-heading av-kbdq32qr-268acd5c36508415ed8b3631934d91d6 av-special-heading-h5 blockquote modern-quote  avia-builder-el-6  avia-builder-el-no-sibling  av-inherit-size av-linked-heading'><h5 class='av-special-heading-tag'  itemprop=\"headline\"  >Wir machen Ihren Brunnen wieder fit! <\/h5><div class=\"special-heading-border\"><div class=\"special-heading-inner-border\"><\/div><\/div><\/div><\/div>\n<style type=\"text\/css\" data-created_by=\"avia_inline_auto\" id=\"style-css-av-2ttroh-3f50e1570c127758c5bd44985da3829f\">\n#top .flex_column.av-2ttroh-3f50e1570c127758c5bd44985da3829f{\nmargin-top:0px;\nmargin-bottom:0px;\n}\n.flex_column.av-2ttroh-3f50e1570c127758c5bd44985da3829f{\nborder-radius:0px 0px 0px 0px;\npadding:0px 0px 0px 0px;\n}\n.responsive #top #wrap_all .flex_column.av-2ttroh-3f50e1570c127758c5bd44985da3829f{\nmargin-top:0px;\nmargin-bottom:0px;\n}\n<\/style>\n<div  class='flex_column av-2ttroh-3f50e1570c127758c5bd44985da3829f av_one_half  avia-builder-el-7  el_after_av_one_half  el_before_av_one_half  flex_column_div av-animated-generic bottom-to-top av-zero-column-padding  column-top-margin'     ><\/div>\n<style type=\"text\/css\" data-created_by=\"avia_inline_auto\" id=\"style-css-av-2ttroh-8fe6f10320613f701dc6f193473cf0f5\">\n#top .flex_column.av-2ttroh-8fe6f10320613f701dc6f193473cf0f5{\nmargin-top:0px;\nmargin-bottom:0px;\n}\n.flex_column.av-2ttroh-8fe6f10320613f701dc6f193473cf0f5{\nborder-radius:0px 0px 0px 0px;\npadding:0px 0px 0px 0px;\n}\n.responsive #top #wrap_all .flex_column.av-2ttroh-8fe6f10320613f701dc6f193473cf0f5{\nmargin-top:0px;\nmargin-bottom:0px;\n}\n<\/style>\n<div  class='flex_column av-2ttroh-8fe6f10320613f701dc6f193473cf0f5 av_one_half  avia-builder-el-8  el_after_av_one_half  el_before_av_one_half  first flex_column_div av-animated-generic bottom-to-top av-zero-column-padding  column-top-margin'     ><style type=\"text\/css\" data-created_by=\"avia_inline_auto\" id=\"style-css-av-2stz3l-55776e039aa19e0d5e1650779c4373be\">\n#top .av_textblock_section.av-2stz3l-55776e039aa19e0d5e1650779c4373be .avia_textblock{\ncolor:#000000;\n}\n<\/style>\n<section  class='av_textblock_section av-2stz3l-55776e039aa19e0d5e1650779c4373be '   itemscope=\"itemscope\" itemtype=\"https:\/\/schema.org\/CreativeWork\" ><div class='avia_textblock av_inherit_color'  itemprop=\"text\" ><p><span style=\"color: #0e71b8;\"><strong>Auch Brunnenk\u00f6pfe, -Stuben ver\u00e4ndern sich und unterliegen je nach Beanspruchung und geografischer Lage altersbedingtem Verschlei\u00df<\/strong><\/span><strong><span style=\"color: #0e71b8;\">.<\/span> <\/strong><\/p>\n<p>Ein Brunnen sollte regelm\u00e4\u00dfigen Abst\u00e4nden gereinigt werden. Oft wird diesem Instandhaltungspunkt zu wenig Beachtung geschenkt, weil der Brunnen genug und sauberes Wasser liefert. Dies kann unangenehme Folgen haben wenn Korrosion zu weit fortschreitet und zum Beispiel Undichtigkeiten im System zu Verleimungen f\u00fchren.<\/p>\n<\/div><\/section><\/div>\n<style type=\"text\/css\" data-created_by=\"avia_inline_auto\" id=\"style-css-av-2k1mzd-cbfce06d9faa1aec0512237af3183f4d\">\n#top .flex_column.av-2k1mzd-cbfce06d9faa1aec0512237af3183f4d{\nmargin-top:0px;\nmargin-bottom:0px;\n}\n.flex_column.av-2k1mzd-cbfce06d9faa1aec0512237af3183f4d{\nborder-radius:0px 0px 0px 0px;\npadding:0px 0px 0px 0px;\n}\n.responsive #top #wrap_all .flex_column.av-2k1mzd-cbfce06d9faa1aec0512237af3183f4d{\nmargin-top:0px;\nmargin-bottom:0px;\n}\n<\/style>\n<div  class='flex_column av-2k1mzd-cbfce06d9faa1aec0512237af3183f4d av_one_half  avia-builder-el-10  el_after_av_one_half  el_before_av_one_full  flex_column_div av-animated-generic bottom-to-top av-zero-column-padding  column-top-margin'     ><style type=\"text\/css\" data-created_by=\"avia_inline_auto\" id=\"style-css-av-2f0kgp-4297a2c9df37ac1087fe21d84892b5e4\">\n#top .av_textblock_section.av-2f0kgp-4297a2c9df37ac1087fe21d84892b5e4 .avia_textblock{\ncolor:#000000;\n}\n<\/style>\n<section  class='av_textblock_section av-2f0kgp-4297a2c9df37ac1087fe21d84892b5e4 '   itemscope=\"itemscope\" itemtype=\"https:\/\/schema.org\/CreativeWork\" ><div class='avia_textblock av_inherit_color'  itemprop=\"text\" ><p>Um die Qualit\u00e4t des Wassers und der Wasser-fassungsanlage jederzeit sicherstellen zu k\u00f6nnen, bedarf es der Pflege und der Wartung, wie es bei vielen anderen Ger\u00e4ten und Maschinen der Fall ist.<\/p>\n<p>Wir liefern und montieren alle erforderlichen Komponenten f\u00fcr Anlagen zur Wassergewinnung. Armaturen, Steigleitungen, Brunnenk\u00f6pfe und Pumpen. Wir\u00a0 bietet alles aus einer Hand. Wir sind ihr zuverl\u00e4ssiger und unabh\u00e4ngiger Partner mit dem Ziel: beste Dienstleistung f\u00fcr Ihre Zufriedenheit.<\/p>\n<\/div><\/section><\/div>\n<style type=\"text\/css\" data-created_by=\"avia_inline_auto\" id=\"style-css-av-29t5jt-e286507338b291cc10156be88f77e023\">\n.flex_column.av-29t5jt-e286507338b291cc10156be88f77e023{\nborder-radius:0px 0px 0px 0px;\npadding:0px 0px 0px 0px;\n}\n<\/style>\n<div  class='flex_column av-29t5jt-e286507338b291cc10156be88f77e023 av_one_full  avia-builder-el-12  el_after_av_one_half  avia-builder-el-last  first flex_column_div av-animated-generic bottom-to-top av-zero-column-padding  column-top-margin'     ><\/div><\/p>\n","protected":false},"excerpt":{"rendered":"","protected":false},"author":1,"featured_media":0,"parent":25,"menu_order":5,"comment_status":"closed","ping_status":"closed","template":"","meta":{"footnotes":""},"yoast_head":"<!-- This site is optimized with the Yoast SEO Premium plugin v19.1 (Yoast SEO v22.1) - https:\/\/yoast.com\/wordpress\/plugins\/seo\/ -->\n<title>Neuausr\u00fcstung - Brunnen und Pumpen Service<\/title>\n<meta name=\"description\" content=\"Neuausr\u00fcstung f\u00fcr Wasserfassungsanlagen wie Brunnen, Grundwassermessstellen, Quellfassungen und Drainagen wie zum Beispiel Brunnenpumpen, Brunnenk\u00f6pfe, Brunnenstuben, Steigleitungen, Wasserz\u00e4hler und Durchflussmesser.\" \/>\n<meta name=\"robots\" content=\"index, follow, max-snippet:-1, max-image-preview:large, max-video-preview:-1\" \/>\n<link rel=\"canonical\" href=\"https:\/\/www.vintage-classics.de\/?page_id=371\" \/>\n<meta property=\"og:locale\" content=\"de_DE\" \/>\n<meta property=\"og:type\" content=\"article\" \/>\n<meta property=\"og:title\" content=\"Neuausr\u00fcstung\" \/>\n<meta property=\"og:description\" content=\"Neuausr\u00fcstung f\u00fcr Wasserfassungsanlagen wie Brunnen, Grundwassermessstellen, Quellfassungen und Drainagen wie zum Beispiel Brunnenpumpen, Brunnenk\u00f6pfe, Brunnenstuben, Steigleitungen, Wasserz\u00e4hler und Durchflussmesser.\" \/>\n<meta property=\"og:url\" content=\"https:\/\/www.vintage-classics.de\/?page_id=371\" \/>\n<meta property=\"og:site_name\" content=\"Brunnen und Pumpen Service\" \/>\n<meta property=\"article:modified_time\" content=\"2021-05-30T11:34:13+00:00\" \/>\n<meta name=\"twitter:card\" content=\"summary_large_image\" \/>\n<meta name=\"twitter:label1\" content=\"Gesch\u00e4tzte Lesezeit\" \/>\n\t<meta name=\"twitter:data1\" content=\"2\u00a0Minuten\" \/>\n<script type=\"application\/ld+json\" class=\"yoast-schema-graph\">{\"@context\":\"https:\/\/schema.org\",\"@graph\":[{\"@type\":\"WebPage\",\"@id\":\"https:\/\/www.vintage-classics.de\/?page_id=371\",\"url\":\"https:\/\/www.vintage-classics.de\/?page_id=371\",\"name\":\"Neuausr\u00fcstung - Brunnen und Pumpen Service\",\"isPartOf\":{\"@id\":\"https:\/\/www.vintage-classics.de\/#website\"},\"datePublished\":\"2019-12-18T11:08:34+00:00\",\"dateModified\":\"2021-05-30T11:34:13+00:00\",\"description\":\"Neuausr\u00fcstung f\u00fcr Wasserfassungsanlagen wie Brunnen, Grundwassermessstellen, Quellfassungen und Drainagen wie zum Beispiel Brunnenpumpen, Brunnenk\u00f6pfe, Brunnenstuben, Steigleitungen, Wasserz\u00e4hler und Durchflussmesser.\",\"breadcrumb\":{\"@id\":\"https:\/\/www.vintage-classics.de\/?page_id=371#breadcrumb\"},\"inLanguage\":\"de\",\"potentialAction\":[{\"@type\":\"ReadAction\",\"target\":[\"https:\/\/www.vintage-classics.de\/?page_id=371\"]}]},{\"@type\":\"BreadcrumbList\",\"@id\":\"https:\/\/www.vintage-classics.de\/?page_id=371#breadcrumb\",\"itemListElement\":[{\"@type\":\"ListItem\",\"position\":1,\"name\":\"Startseite\",\"item\":\"https:\/\/www.vintage-classics.de\/\"},{\"@type\":\"ListItem\",\"position\":2,\"name\":\"Leistungen\",\"item\":\"https:\/\/www.vintage-classics.de\/?page_id=25\"},{\"@type\":\"ListItem\",\"position\":3,\"name\":\"Neuausr\u00fcstung\"}]},{\"@type\":\"WebSite\",\"@id\":\"https:\/\/www.vintage-classics.de\/#website\",\"url\":\"https:\/\/www.vintage-classics.de\/\",\"name\":\"Brunnen und Pumpen Service\",\"description\":\"Dienstleister f\u00fcr Brunnenregenerierung, Brunnensanierung, Brunneninspektion, Wartung und Instandhaltung an Brunnenbauwerken\",\"publisher\":{\"@id\":\"https:\/\/www.vintage-classics.de\/#organization\"},\"potentialAction\":[{\"@type\":\"SearchAction\",\"target\":{\"@type\":\"EntryPoint\",\"urlTemplate\":\"https:\/\/www.vintage-classics.de\/?s={search_term_string}\"},\"query-input\":\"required name=search_term_string\"}],\"inLanguage\":\"de\"},{\"@type\":\"Organization\",\"@id\":\"https:\/\/www.vintage-classics.de\/#organization\",\"name\":\"BPK Brunnen & Pumpen Service\",\"url\":\"https:\/\/www.vintage-classics.de\/\",\"logo\":{\"@type\":\"ImageObject\",\"inLanguage\":\"de\",\"@id\":\"https:\/\/www.vintage-classics.de\/#\/schema\/logo\/image\/\",\"url\":\"https:\/\/www.vintage-classics.de\/wp-content\/uploads\/2020\/08\/Logo_BPK_getrennt_rgb.png\",\"contentUrl\":\"https:\/\/www.vintage-classics.de\/wp-content\/uploads\/2020\/08\/Logo_BPK_getrennt_rgb.png\",\"width\":1218,\"height\":368,\"caption\":\"BPK Brunnen & Pumpen Service\"},\"image\":{\"@id\":\"https:\/\/www.vintage-classics.de\/#\/schema\/logo\/image\/\"}}]}<\/script>\n<!-- \/ Yoast SEO Premium plugin. -->","yoast_head_json":{"title":"Neuausr\u00fcstung - Brunnen und Pumpen Service","description":"Neuausr\u00fcstung f\u00fcr Wasserfassungsanlagen wie Brunnen, Grundwassermessstellen, Quellfassungen und Drainagen wie zum Beispiel Brunnenpumpen, Brunnenk\u00f6pfe, Brunnenstuben, Steigleitungen, Wasserz\u00e4hler und Durchflussmesser.","robots":{"index":"index","follow":"follow","max-snippet":"max-snippet:-1","max-image-preview":"max-image-preview:large","max-video-preview":"max-video-preview:-1"},"canonical":"https:\/\/www.vintage-classics.de\/?page_id=371","og_locale":"de_DE","og_type":"article","og_title":"Neuausr\u00fcstung","og_description":"Neuausr\u00fcstung f\u00fcr Wasserfassungsanlagen wie Brunnen, Grundwassermessstellen, Quellfassungen und Drainagen wie zum Beispiel Brunnenpumpen, Brunnenk\u00f6pfe, Brunnenstuben, Steigleitungen, Wasserz\u00e4hler und Durchflussmesser.","og_url":"https:\/\/www.vintage-classics.de\/?page_id=371","og_site_name":"Brunnen und Pumpen Service","article_modified_time":"2021-05-30T11:34:13+00:00","twitter_card":"summary_large_image","twitter_misc":{"Gesch\u00e4tzte Lesezeit":"2\u00a0Minuten"},"schema":{"@context":"https:\/\/schema.org","@graph":[{"@type":"WebPage","@id":"https:\/\/www.vintage-classics.de\/?page_id=371","url":"https:\/\/www.vintage-classics.de\/?page_id=371","name":"Neuausr\u00fcstung - Brunnen und Pumpen Service","isPartOf":{"@id":"https:\/\/www.vintage-classics.de\/#website"},"datePublished":"2019-12-18T11:08:34+00:00","dateModified":"2021-05-30T11:34:13+00:00","description":"Neuausr\u00fcstung f\u00fcr Wasserfassungsanlagen wie Brunnen, Grundwassermessstellen, Quellfassungen und Drainagen wie zum Beispiel Brunnenpumpen, Brunnenk\u00f6pfe, Brunnenstuben, Steigleitungen, Wasserz\u00e4hler und Durchflussmesser.","breadcrumb":{"@id":"https:\/\/www.vintage-classics.de\/?page_id=371#breadcrumb"},"inLanguage":"de","potentialAction":[{"@type":"ReadAction","target":["https:\/\/www.vintage-classics.de\/?page_id=371"]}]},{"@type":"BreadcrumbList","@id":"https:\/\/www.vintage-classics.de\/?page_id=371#breadcrumb","itemListElement":[{"@type":"ListItem","position":1,"name":"Startseite","item":"https:\/\/www.vintage-classics.de\/"},{"@type":"ListItem","position":2,"name":"Leistungen","item":"https:\/\/www.vintage-classics.de\/?page_id=25"},{"@type":"ListItem","position":3,"name":"Neuausr\u00fcstung"}]},{"@type":"WebSite","@id":"https:\/\/www.vintage-classics.de\/#website","url":"https:\/\/www.vintage-classics.de\/","name":"Brunnen und Pumpen Service","description":"Dienstleister f\u00fcr Brunnenregenerierung, Brunnensanierung, Brunneninspektion, Wartung und Instandhaltung an Brunnenbauwerken","publisher":{"@id":"https:\/\/www.vintage-classics.de\/#organization"},"potentialAction":[{"@type":"SearchAction","target":{"@type":"EntryPoint","urlTemplate":"https:\/\/www.vintage-classics.de\/?s={search_term_string}"},"query-input":"required name=search_term_string"}],"inLanguage":"de"},{"@type":"Organization","@id":"https:\/\/www.vintage-classics.de\/#organization","name":"BPK Brunnen & Pumpen Service","url":"https:\/\/www.vintage-classics.de\/","logo":{"@type":"ImageObject","inLanguage":"de","@id":"https:\/\/www.vintage-classics.de\/#\/schema\/logo\/image\/","url":"https:\/\/www.vintage-classics.de\/wp-content\/uploads\/2020\/08\/Logo_BPK_getrennt_rgb.png","contentUrl":"https:\/\/www.vintage-classics.de\/wp-content\/uploads\/2020\/08\/Logo_BPK_getrennt_rgb.png","width":1218,"height":368,"caption":"BPK Brunnen & Pumpen Service"},"image":{"@id":"https:\/\/www.vintage-classics.de\/#\/schema\/logo\/image\/"}}]}},"_links":{"self":[{"href":"https:\/\/www.vintage-classics.de\/index.php?rest_route=\/wp\/v2\/pages\/371"}],"collection":[{"href":"https:\/\/www.vintage-classics.de\/index.php?rest_route=\/wp\/v2\/pages"}],"about":[{"href":"https:\/\/www.vintage-classics.de\/index.php?rest_route=\/wp\/v2\/types\/page"}],"author":[{"embeddable":true,"href":"https:\/\/www.vintage-classics.de\/index.php?rest_route=\/wp\/v2\/users\/1"}],"replies":[{"embeddable":true,"href":"https:\/\/www.vintage-classics.de\/index.php?rest_route=%2Fwp%2Fv2%2Fcomments&post=371"}],"version-history":[{"count":7,"href":"https:\/\/www.vintage-classics.de\/index.php?rest_route=\/wp\/v2\/pages\/371\/revisions"}],"predecessor-version":[{"id":656,"href":"https:\/\/www.vintage-classics.de\/index.php?rest_route=\/wp\/v2\/pages\/371\/revisions\/656"}],"up":[{"embeddable":true,"href":"https:\/\/www.vintage-classics.de\/index.php?rest_route=\/wp\/v2\/pages\/25"}],"wp:attachment":[{"href":"https:\/\/www.vintage-classics.de\/index.php?rest_route=%2Fwp%2Fv2%2Fmedia&parent=371"}],"curies":[{"name":"wp","href":"https:\/\/api.w.org\/{rel}","templated":true}]}}